{"id":65,"date":"2025-07-12T06:51:08","date_gmt":"2025-07-12T05:51:08","guid":{"rendered":"https:\/\/www.ford-service-ang.de\/?page_id=65"},"modified":"2025-07-12T06:51:08","modified_gmt":"2025-07-12T05:51:08","slug":"impressum","status":"publish","type":"page","link":"https:\/\/www.ford-service-ang.de\/?page_id=65","title":{"rendered":"Impressum"},"content":{"rendered":"\n<h2 class=\"wp-block-heading\">Diese Seiten werden betrieben von<\/h2>\n\n\n\n<p>Autohaus am Schwedter Tor GmbH<br>Schwedter Str. 20<br>16278 Angerm\u00fcnde<\/p>\n\n\n\n<p><strong>Inhaltlich Verantwortlicher:<\/strong> Peter Goldner<\/p>\n\n\n\n<p><strong>E-Mail<\/strong>: <a href=\"mailto:info@ford-service-ang.de\">info@ford-service-ang.de<\/a><\/p>\n\n\n\n<p><strong>Tel<\/strong>.: 03331 267610<br><strong>Fax<\/strong>: 03331 267671<\/p>\n\n\n\n<p><strong>Umsatzsteuer-Identifikationsnummer: <\/strong>DE 139040718<\/p>\n\n\n\n<p><strong>Amtsgericht Neuruppin: <\/strong>HRB 9923<\/p>\n\n\n\n<p><strong>Haftungshinweis:<\/strong><\/p>\n\n\n\n<p>Die Informationen auf dieser Website wurden mit Sorgfalt zusammengestellt. F\u00fcr die Richtigkeit oder Vollst\u00e4ndigkeit wird keine Gew\u00e4hr \u00fcbernommen. Jegliche Haftung f\u00fcr eventuelle Sch\u00e4den im Zusammenhang mit der Nutzung des Informationsangebots ist ausgeschlossen. Der gesamte Inhalt dieser Website unterliegt dem Urheberrecht. Eine Nutzung des Inhalts oder von Teilen des Inhalts darf nur nach Genehmigung durch den Rechtsinhaber erfolgen.&nbsp;<\/p>\n\n\n\n<p><strong>Haftungshinweis zu externen Links:<\/strong><\/p>\n\n\n\n<p>Trotz sorgf\u00e4ltiger inhaltlicher Kontrolle \u00fcbernehmen wir keine Haftung f\u00fcr die Inhalte externer Links. F\u00fcr den Inhalt der verlinkten Seiten sind ausschlie\u00dflich deren Betreiber verantwortlich.<\/p>\n","protected":false},"excerpt":{"rendered":"<p>Diese Seiten werden betrieben von Autohaus am Schwedter Tor GmbHSchwedter Str. 2016278 Angerm\u00fcnde Inhaltlich Verantwortlicher: Peter Goldner E-Mail: info@ford-service-ang.de Tel.: 03331 267610Fax: 03331 267671 Umsatzsteuer-Identifikationsnummer: DE 139040718 Amtsgericht Neuruppin: HRB 9923 Haftungshinweis: Die Informationen auf dieser Website wurden mit Sorgfalt zusammengestellt. F\u00fcr die Richtigkeit oder Vollst\u00e4ndigkeit wird keine Gew\u00e4hr \u00fcbernommen. Jegliche Haftung f\u00fcr eventuelle Sch\u00e4den<\/p>\n<div class=\"more-link\">\n\t\t\t\t <a href=\"https:\/\/www.ford-service-ang.de\/?page_id=65\" class=\"btn theme-btn inverted\"><span>Mehr erfahren <\/span><\/a>\n\t\t\t<\/div>\n","protected":false},"author":1,"featured_media":0,"parent":0,"menu_order":0,"comment_status":"closed","ping_status":"closed","template":"","meta":{"footnotes":""},"class_list":["post-65","page","type-page","status-publish","hentry"],"_links":{"self":[{"href":"https:\/\/www.ford-service-ang.de\/index.php?rest_route=\/wp\/v2\/pages\/65","targetHints":{"allow":["GET"]}}],"collection":[{"href":"https:\/\/www.ford-service-ang.de\/index.php?rest_route=\/wp\/v2\/pages"}],"about":[{"href":"https:\/\/www.ford-service-ang.de\/index.php?rest_route=\/wp\/v2\/types\/page"}],"author":[{"embeddable":true,"href":"https:\/\/www.ford-service-ang.de\/index.php?rest_route=\/wp\/v2\/users\/1"}],"replies":[{"embeddable":true,"href":"https:\/\/www.ford-service-ang.de\/index.php?rest_route=%2Fwp%2Fv2%2Fcomments&post=65"}],"version-history":[{"count":1,"href":"https:\/\/www.ford-service-ang.de\/index.php?rest_route=\/wp\/v2\/pages\/65\/revisions"}],"predecessor-version":[{"id":66,"href":"https:\/\/www.ford-service-ang.de\/index.php?rest_route=\/wp\/v2\/pages\/65\/revisions\/66"}],"wp:attachment":[{"href":"https:\/\/www.ford-service-ang.de\/index.php?rest_route=%2Fwp%2Fv2%2Fmedia&parent=65"}],"curies":[{"name":"wp","href":"https:\/\/api.w.org\/{rel}","templated":true}]}}